 the third derivative of -t**4/6 + t**3/6 - t**2. Determine u(f).
-7
Let b be 12/(-20) - 56/(-10). Suppose -2 - 1 = 3*l - 4*d, 0 = 4*l - b*d + 4. Let s(v) = 1 + 0*v - 2 + 10*v. What is s(l)?
-11
Let y(u) = -u**2 + 9*u - 3. Let q be (-2)/3 - 40/(-6). Calculate y(q).
15
Let c(o) = o**3 + 7*o**2 + 5*o. Let f(m) = -m - 11. Let d be f(-5). What is c(d)?
6
Let r be (22/6)/((-7)/(-21)). Let w = -11 + r. Let x(y) = -y + 3. What is x(w)?
3
Let i(k) be the second derivative of k**7/840 + k**6/60 - k**5/120 - 7*k**4/24 + 5*k**3/6 + 7*k. Let x(m) be the second derivative of i(m). Give x(-6).
-1
Let c(t) = t**3 + t**2 + 1. Let g(o) = -4*o**3 + o**2 + 3*o - 8. Let m(d) = 5*c(d) + g(d). Let n = -23 + 18. What is m(n)?
7
Let j(k) = 13*k + 365. Let t be j(-28). Let v(q) be the second derivative of q**4/12 + q**3/3 - q**2/2 - q. Calculate v(t).
2
Let l(o) = 7*o - 1. Suppose -7 = 5*a - 27. Suppose -a*p = -p + 9. Let c(v) = -v**3 - 3*v**2 + 1. Let z be c(p). What is l(z)?
6
Suppose -5*y + 21 = -2*y - 3*d, 0 = 5*y + 4*d - 8. Let p(t) = t**2 - 2*t - 5. What is p(y)?
3
Let a(f) = f + 7. Let v be a(-4). Let d(s) = -4*s + 2*s**2 + s + v*s**3 - 5 - 4*s**3 - 7*s**2. Calculate d(-5).
10
Let u(h) = -6*h - 5 - h**2 + 2*h**2 + 4*h. Let y(r) = -r + 12. Let p be y(9). Suppose 0 = -3*n + 15 - p. Give u(n).
3
Let d(b) = 2*b. Suppose -2*v + 7 + 1 = 0. Suppose -v*k + 12 = -0*k. Calculate d(k).
6
Let m(l) = l + 11. Let b be m(-8). Let h(u) = 6*u - 4. What is h(b)?
14
Let g(n) = -n**3 - 5*n**2 + 6*n + 3. Let c = -7 - -10. Suppose 5*a + 4*o + 23 + c = 0, -3*o = 4*a + 21. Give g(a).
3
Let q(u) = -u**3 - 8*u**2 - 5*u + 10. Let h be q(-7). Let r(x) = 6*x - 29. Let p(s) = 2*s - 10. Let g(m) = h*r(m) + 11*p(m). What is g(5)?
-4
Let i(j) be the first derivative of -3*j**2 + j - 12. What is i(-1)?
7
Let g(f) = 3*f**3 + f**2 + 3*f + 4. Let k(h) = -7*h**3 - 2*h**2 - 6*h - 8. Let w(c) = -9*g(c) - 4*k(c). Suppose 3*q - 3 = 2*q. Suppose -q*b + b = -6. Give w(b).
5
Let w(y) = -38*y + 95*y - 55*y - 3. Let r(u) = 3*u**2 - u - 1. Let v be r(-1). Give w(v).
3
Let k(d) = -d**2 + 6*d - 2. Let x(a) = a**2 - 6*a + 3. Suppose -l - 2*i = 8, -21 = l + l + 5*i. Let c(m) = l*k(m) + 3*x(m). Let u = -5 + 10. Determine c(u).
0
Let r(g) be the second derivative of g**3/3 - 2*g**2 + 17*g. Calculate r(5).
6
Let d = -5 + 7. Suppose -2*u - 1 = q - d*q, 0 = -2*q - u + 2. Suppose 1 = 2*y - q. Let g(h) = -3*h. Determine g(y).
-3
Let x(h) = -6*h + 6*h + 5*h - 3*h + 1. Determine x(-1).
-1
Let s(u) be the first derivative of u**4/12 + u**3/2 - u**2 + 2*u - 3. Let o(y) be the first derivative of s(y). Calculate o(-2).
-4
Let g(c) be the second derivative of c**4/6 + 2*c**3/3 + c**2 - 11*c. Give g(-4).
18
Let z(j) = -j - 3. Suppose 0 = -v + w + 7, -v = w - 0 - 1. What is z(v)?
-7
Suppose 4 = 5*z - 4*z. Let d(w) = -w**3 + 5*w**2 - 6*w + 3. Determine d(z).
-5
Let y be (-4)/(-14) - (-82)/7. Let o be -1*(1 - y/2). Let f be (o - 2)/(-3) - 0. Let k(c) = -c - 1. Calculate k(f).
0
Let b(o) be the first derivative of o**2/2 + 3*o + 22. Determine b(-6).
-3
Let u(b) = -b + 5. Let k be u(0). Let x(o) = -3*o**3 - 10*o**2 + 2*o - 10. Let j(c) = 4*c**3 + 11*c**2 - c + 11. Let v(r) = k*x(r) + 4*j(r). Calculate v(5).
-1
Let i(l) be the first derivative of -3*l**2/2 + 1. Let g be (4/5)/(10/25). Suppose -g*j = -2*a - 6, -5*a = j + j + 22. What is i(j)?
3
Let h(l) = l**3 + 5*l**2 - 3*l + 3. Suppose 12 = -w - w. What is h(w)?
-15
Let g(b) = 3*b - 5. Let f(a) = -8*a + 14. Let o(q) = 4*f(q) + 11*g(q). Let l(x) = x**2 + 3*x + 2. Let i be l(-3). Calculate o(i).
3
Let z = 20 + -17. Let q(w) be the third derivative of 1/3*w**z - 2*w**2 + 1/20*w**5 + 0*w - 1/12*w**4 - 1/120*w**6 + 0. Give q(2).
2
Suppose 0 = 5*j + 1 - 6. Let i = 4 - j. Suppose i*s - 2*u = -7, -u + 3 = s + u. Let y(o) = -3*o**3 + o. Determine y(s).
2
Let a(u) = u**3 - 5*u**2 + 5*u - 3. Let m(y) = -y**2 - 5*y - 4. Let l be m(-3). Let w = l + 1. What is a(w)?
-6
Let k(s) = -11*s**2 - 1. Let n(r) = -r + 3. Let b be n(3). Suppose 5*y - 5*d + 10 = b, -y = -4*y - 4*d + 1. Give k(y).
-12
Let x(r) = r**2 - 7*r. Let b be 5/5*3*15. Let t be (108/b)/(4/50). Let y be (9/5)/(9/t). What is x(y)?
-6
Let t(f) be the second derivative of -f**8/1120 - f**7/2520 + f**5/120 + f**4/12 - f. Let k(z) be the third derivative of t(z). Calculate k(1).
-6
Let r(u) be the first derivative of 4 - 7/2*u**2 - 1/3*u**3 + u. Give r(-6).
7
Let g(s) be the first derivative of -s**2 - 9*s - 2. Determine g(-6).
3
Let u(s) = 126*s**2 + 6*s - 252*s**2 + 125*s**2. Let v(x) = 2*x - 7. Let m be v(6). Give u(m).
5
Let t(n) = -n**3 - n**2 + 1. Let h(g) = g**2 + g + 1. Let o be h(-1). What is t(o)?
-1
Let k be 0/((-5)/((-5)/(-2))). Let v(n) = -2*n**2 + n + n**2 - 5*n + k*n**2. Give v(-5).
-5
Let z(x) = 2*x**3 + 3*x**2 - 3*x. Suppose -5*i + 5 = -5*f - 0*i, -f + 3 = -3*i. Determine z(f).
-18
Suppose 5*t = 4*x - 38 + 12, 2*t = 3*x - 16. Suppose -a = -5*a + x. Let p(d) = -2*d - a + 0 + 0*d + 2*d**2 + 2*d**3 + 0*d. Give p(-2).
-5
Let q(z) = 2*z**2 + z - 1. Let v be q(1). Let j(l) = -1 + l + 2 - 6 + v. Calculate j(4).
1
Let c(y) = 1. Suppose 4*s - 5*s + 1 = 0. Let f(j) = 4*j + 2. Let v(l) = s*f(l) - 3*c(l). What is v(-1)?
-5
Let g(y) = -y - 5. Let a(d) be the first derivative of 5*d**2/2 + 24*d - 2. Let m(p) = 2*a(p) + 11*g(p). What is m(-4)?
-3
Let t(k) = -k**2 - 3*k + 1. Let l(q) = q**3 + 3*q**2 - 5*q - 1. Let w be l(-4). Suppose w*c + 15 = -2*c. Let o be t(c). Let p(g) = 5*g**2. Calculate p(o).
5
Let a(f) = f - 9. Let d(l) = 3. Let j(n) = -2*a(n) - 7*d(n). Determine j(5).
-13
Let m(n) = n**2 - 1. Let t(j) = -j**2 - 6*j - 5. Let q be t(-4). Suppose 8 = 2*v + 2*s, -7*v + q*s = -3*v - 30. Suppose u - v*u = -10. What is m(u)?
3
Suppose -5*r + 2*j + 40 = -30, -2*j = -10. Suppose 2*g - 14 = -u - 2*u, -4*g + r = 0. Let s(c) = 3*c**3 - 2*c**3 + 1 + 1 + 3*c**u - 5*c. What is s(-4)?
6
Let t be ((-1)/(-1))/(3/45). Let g be 10/(-4)*(-12)/t. Let r(f) = -f**3 + 2*f**2 + f - 1. What is r(g)?
1
Let j = 18 + -15. Let r(u) = 2*u + 3. What is r(j)?
9
Let o(k) be the first derivative of 5*k + 7/2*k**2 + 5/3*k**3 + 1/4*k**4 - 1. Give o(-4).
-7
Let n(g) be the first derivative of -4 + 4*g - 1/2*g**2. Calculate n(4).
0
Let s(m) = 2*m - 4. Let y be 1 + (1 - 2)*-2. Let w(v) be the second derivative of -v**3/6 - v**2/2 - 3*v. Let l(d) = y*w(d) + s(d). Determine l(-3).
-4
Suppose g = 6*g - 25. Suppose 3 = -2*p + g. Let n(j) be the third derivative of -j**6/120 + j**5/30 - 13*j**2. Give n(p).
1
Let x(g) = -6*g**2 + g - 1. Let z be -5*1*(-3 - -4). Let i be (2/(-1) - z)*1. Suppose 0*y = -i*y + 3. Give x(y).
-6
Suppose h = 1 - 4. Let n(o) = -14*o**2 - 26*o + 8. Let v(b) = -5*b**2 - 9*b + 3. Let j(x) = -4*n(x) + 11*v(x). Determine j(h).
-5
Let t(h) = 3*h + h + h - 9 - 4*h. Give t(-7).
-16
Let o(r) be the third derivative of r**4/12 - r**3/6 - 2*r**2. Give o(3).
5
Let k(q) = -2*q + 1. Let v(x) be the second derivative of -x**2/2 - 3*x. Let j(t) = -k(t) + 2*v(t). What is j(4)?
5
Let r(k) be the second derivative of -k**5/60 - k**4/8 - k**3/2 + k**2 - 2*k. Let f(j) be the first derivative of r(j). Give f(-2).
-1
Let m(w) = w**3 + 10*w**2 + 13. Let n be m(-10). Let l = n - 6. Let f(z) = -z**3 + 6*z**2 + 7*z + 9. What is f(l)?
9
Let z(w) = -w**3 - 5*w**2 + 5*w + 2. Suppose 4*x - 8 = 4*m, -2*m = 2*x + 2*x + 28. Give z(m).
8
Let p(g) = -g**3 - 68 + 32 - 5*g**2 + 29. What is p(-5)?
-7
Suppose -5*c + 8 = -h, -3*h + 3*c + 5 = -h. Let u(l) = l**2 + h*l - 2*l**2 + 2*l**2. What is u(-6)?
-6
Let r(k) be the second derivative of 2*k**3/3 + k**2 - 3*k. Let i(h) = -h**3 + 5*h**2 + h - 7. Let f be i(5). Give r(f).
-6
Let d(x) = 3*x + 4. Let h be d(-3). Let o(t) = 10*t**2 + 25*t - 22. Let i(w) = -7*w**2 - 17*w + 15. Let g(p) = -7*i(p) - 5*o(p). Calculate g(h).
10
Let j(v) = 2*v + 3. Let q(d) = d**2 - 4*d - 2. Suppose -5*x + 26 = 3*s, -5*x - 5*s + 0*s + 30 = 0. Let n be q(x). Determine j(n).
-1
Let a(h) be the third derivative of 0*h**3 + 0*h + 1/6*h**4 + 0 + 2*h**2 + 1/60*h**5. Let r(w) = w + 1. Let k be r(-6). Calculate a(k).
5
Let l = 160 + -158. Let a(d) = -d**2 + 3*d - 2. Give a(l).
0
Suppose 0*n = 5*n + 25. Let z(l) = -3*l - 7. Determine z(n).
8
Let h(a) be the second derivative of -5*a**3/6 - a**2 + 54*a. Suppose 12 = 2*l + 2*l. Let g be 9/l - (2 + -1). Give h(g).
-12
Let